{"id":46,"date":"2025-08-11T12:03:02","date_gmt":"2025-08-11T18:03:02","guid":{"rendered":"https:\/\/cbtf5.mx\/?page_id=46"},"modified":"2025-09-26T06:23:29","modified_gmt":"2025-09-26T12:23:29","slug":"nosotros","status":"publish","type":"page","link":"https:\/\/cbtf5.mx\/index.php\/nosotros\/","title":{"rendered":"\u00bfQuienes somos?"},"content":{"rendered":"\n<div class=\"wp-block-group alignfull is-content-justification-center is-layout-constrained wp-block-group-is-layout-constrained\" style=\"margin-top:0;margin-bottom:0\">\n<div style=\"height:7px\" aria-hidden=\"true\" class=\"wp-block-spacer\"><\/div>\n\n\n\n<div class=\"wp-block-group alignwide is-layout-flow wp-block-group-is-layout-flow\">\n<div class=\"wp-block-columns alignwide are-vertically-aligned-top is-layout-flex wp-container-core-columns-is-layout-5c8fb865 wp-block-columns-is-layout-flex\">\n<div class=\"wp-block-column is-vertically-aligned-top is-content-justification-left is-layout-constrained wp-container-core-column-is-layout-95996b15 wp-block-column-is-layout-constrained\">\n<h2 class=\"wp-block-heading\">Acerca del CBTF #5<\/h2>\n<\/div>\n\n\n\n<div class=\"wp-block-column is-vertically-aligned-top is-layout-flow wp-block-column-is-layout-flow\" style=\"flex-basis:40%\">\n<p>Centro de Bachillerato Tecnologico Forestal No. 5<\/p>\n<\/div>\n<\/div>\n\n\n\n<div style=\"height:var(--wp--preset--spacing--20)\" aria-hidden=\"true\" class=\"wp-block-spacer\"><\/div>\n\n\n\n<div class=\"wp-block-columns is-layout-flex wp-container-core-columns-is-layout-28f84493 wp-block-columns-is-layout-flex\">\n<div class=\"wp-block-column is-layout-flow wp-block-column-is-layout-flow\">\n<div class=\"wp-block-cover alignfull is-light\" style=\"min-height:283px;aspect-ratio:unset;\"><span aria-hidden=\"true\" class=\"wp-block-cover__background has-background-dim-100 has-background-dim\" style=\"background-color:#ffffff\"><\/span><div class=\"wp-block-cover__inner-container is-layout-flow wp-block-cover-is-layout-flow\">\n<div class=\"wp-block-media-text alignwide is-stacked-on-mobile is-vertically-aligned-center is-image-fill-element\" style=\"grid-template-columns:25% auto\"><figure class=\"wp-block-media-text__media\"><img loading=\"lazy\" decoding=\"async\" width=\"400\" height=\"400\" src=\"https:\/\/cbtf5.mx\/wp-content\/uploads\/2025\/09\/misionyvision.png\" alt=\"\" class=\"wp-image-106 size-full\" style=\"object-position:50% 50%\" srcset=\"https:\/\/cbtf5.mx\/wp-content\/uploads\/2025\/09\/misionyvision.png 400w, https:\/\/cbtf5.mx\/wp-content\/uploads\/2025\/09\/misionyvision-300x300.png 300w, https:\/\/cbtf5.mx\/wp-content\/uploads\/2025\/09\/misionyvision-150x150.png 150w\" sizes=\"auto, (max-width: 400px) 100vw, 400px\" \/><\/figure><div class=\"wp-block-media-text__content\">\n<h2 class=\"wp-block-heading has-text-color\" style=\"color:#000000;font-size:32px\"><strong>Nuestra MISI\u00d3N<\/strong><\/h2>\n\n\n\n<p class=\"has-text-color\" style=\"color:#000000;font-size:17px\">Formar j\u00f3venes de Nivel Medio Superior, con un enfoque tecnol\u00f3gico, mediante un modelo educativo integral que le permita incorporarse a la educaci\u00f3n superior y\/o al sector productivo; con conocimientos, aptitudes, actitudes y valores para el manejo sustentable de los recursos naturales para alcanzar una mejor calidad de vida.<\/p>\n<\/div><\/div>\n<\/div><\/div>\n<\/div>\n<\/div>\n\n\n\n<div class=\"wp-block-columns is-layout-flex wp-container-core-columns-is-layout-28f84493 wp-block-columns-is-layout-flex\">\n<div class=\"wp-block-column is-layout-flow wp-block-column-is-layout-flow\">\n<div class=\"wp-block-cover alignfull is-light\" style=\"min-height:302px;aspect-ratio:unset;\"><span aria-hidden=\"true\" class=\"wp-block-cover__background has-background-dim-100 has-background-dim\" style=\"background-color:#ffffff\"><\/span><div class=\"wp-block-cover__inner-container is-layout-flow wp-block-cover-is-layout-flow\">\n<div class=\"wp-block-media-text alignwide is-stacked-on-mobile is-vertically-aligned-center is-image-fill-element\" style=\"grid-template-columns:25% auto\"><figure class=\"wp-block-media-text__media\"><img loading=\"lazy\" decoding=\"async\" width=\"400\" height=\"400\" src=\"https:\/\/cbtf5.mx\/wp-content\/uploads\/2025\/09\/misionyvision.png\" alt=\"\" class=\"wp-image-106 size-full\" style=\"object-position:50% 50%\" srcset=\"https:\/\/cbtf5.mx\/wp-content\/uploads\/2025\/09\/misionyvision.png 400w, https:\/\/cbtf5.mx\/wp-content\/uploads\/2025\/09\/misionyvision-300x300.png 300w, https:\/\/cbtf5.mx\/wp-content\/uploads\/2025\/09\/misionyvision-150x150.png 150w\" sizes=\"auto, (max-width: 400px) 100vw, 400px\" \/><\/figure><div class=\"wp-block-media-text__content\">\n<h2 class=\"wp-block-heading has-text-color\" style=\"color:#000000;font-size:32px\"><strong>Nuestra VISI\u00d3N<\/strong><\/h2>\n\n\n\n<p class=\"has-text-color\" style=\"color:#000000;font-size:17px\">Consolidarnos como una instituci\u00f3n educativa del nivel medio superior, acreditada en el Sistema de Nacional de Bachillerato, que rindas cuentas a la sociedad sobre la informaci\u00f3n escolar y capacitaci\u00f3n de productores, con profesionalismo, impulsando la innovaci\u00f3n y priorizando la calidad en los servicios ofertados.<\/p>\n<\/div><\/div>\n<\/div><\/div>\n<\/div>\n<\/div>\n\n\n\n<div class=\"wp-block-columns is-layout-flex wp-container-core-columns-is-layout-28f84493 wp-block-columns-is-layout-flex\">\n<div class=\"wp-block-column is-layout-flow wp-block-column-is-layout-flow\">\n<div class=\"wp-block-cover alignfull is-light\" style=\"min-height:316px;aspect-ratio:unset;\"><span aria-hidden=\"true\" class=\"wp-block-cover__background has-background-dim-100 has-background-dim\" style=\"background-color:#ffffff\"><\/span><div class=\"wp-block-cover__inner-container is-layout-flow wp-block-cover-is-layout-flow\">\n<div class=\"wp-block-media-text alignwide is-stacked-on-mobile is-vertically-aligned-center is-image-fill-element\" style=\"grid-template-columns:25% auto\"><figure class=\"wp-block-media-text__media\"><img loading=\"lazy\" decoding=\"async\" width=\"500\" height=\"500\" src=\"https:\/\/cbtf5.mx\/wp-content\/uploads\/2025\/08\/logo.jpg\" alt=\"\" class=\"wp-image-19 size-full\" style=\"object-position:50% 50%\" srcset=\"https:\/\/cbtf5.mx\/wp-content\/uploads\/2025\/08\/logo.jpg 500w, https:\/\/cbtf5.mx\/wp-content\/uploads\/2025\/08\/logo-300x300.jpg 300w, https:\/\/cbtf5.mx\/wp-content\/uploads\/2025\/08\/logo-150x150.jpg 150w\" sizes=\"auto, (max-width: 500px) 100vw, 500px\" \/><\/figure><div class=\"wp-block-media-text__content\">\n<h2 class=\"wp-block-heading has-text-color\" style=\"color:#000000;font-size:32px\"><strong>Pol\u00edtica de CALIDAD<\/strong><\/h2>\n\n\n\n<p class=\"has-text-color\" style=\"color:#000000;font-size:17px\">El centro de Bachillerato Tecnol\u00f3gico Forestal No. 5, tiene como prop\u00f3sito esencial, crear condiciones que permitan asegurar el acceso con equidad, a todos los j\u00f3venes egresados de la educaci\u00f3n secundaria, a una formaci\u00f3n tecnol\u00f3gica agropecuaria a nivel bachillerato de calidad, incrementando paulatinamente el grado de satisfacci\u00f3n de los usuarios, observando siempre la normatividad vigente.<\/p>\n<\/div><\/div>\n<\/div><\/div>\n<\/div>\n<\/div>\n\n\n\n<div class=\"wp-block-columns is-layout-flex wp-container-core-columns-is-layout-28f84493 wp-block-columns-is-layout-flex\">\n<div class=\"wp-block-column is-layout-flow wp-block-column-is-layout-flow\">\n<div class=\"wp-block-cover alignfull is-light\" style=\"min-height:309px;aspect-ratio:unset;\"><span aria-hidden=\"true\" class=\"wp-block-cover__background has-background-dim-100 has-background-dim\" style=\"background-color:#ffffff\"><\/span><div class=\"wp-block-cover__inner-container is-layout-flow wp-block-cover-is-layout-flow\">\n<div class=\"wp-block-media-text alignwide is-stacked-on-mobile is-vertically-aligned-center is-image-fill-element\" style=\"grid-template-columns:25% auto\"><figure class=\"wp-block-media-text__media\"><img loading=\"lazy\" decoding=\"async\" width=\"355\" height=\"399\" src=\"https:\/\/cbtf5.mx\/wp-content\/uploads\/2025\/09\/logoCB.jpg\" alt=\"\" class=\"wp-image-108 size-full\" style=\"object-position:50% 50%\" srcset=\"https:\/\/cbtf5.mx\/wp-content\/uploads\/2025\/09\/logoCB.jpg 355w, https:\/\/cbtf5.mx\/wp-content\/uploads\/2025\/09\/logoCB-267x300.jpg 267w\" sizes=\"auto, (max-width: 355px) 100vw, 355px\" \/><\/figure><div class=\"wp-block-media-text__content\">\n<h2 class=\"wp-block-heading has-text-color\" style=\"color:#000000;font-size:32px\"><strong>Nuestros VALORES<\/strong><\/h2>\n\n\n\n<p class=\"has-text-color\" style=\"color:#000000;font-size:17px\">Quienes laboramos en el Centro de Bachillerato Tecnol\u00f3gico Forestal No. 5, reconocemos y hacemos propios los valores del C\u00f3digo de \u00c9tica de los Servidores P\u00fablicos de la Administraci\u00f3n P\u00fablica Federal: Bien Com\u00fan, Integridad, Honradez, Imparcialidad, Justicia, Transparencia, Rendici\u00f3n de Cuentas, Entorno Cultural y Ecol\u00f3gico, Generosidad, Igualdad, Respeto y Liderazgo.<\/p>\n<\/div><\/div>\n<\/div><\/div>\n<\/div>\n<\/div>\n\n\n\n<p><\/p>\n<\/div>\n\n\n\n<div style=\"height:var(--wp--preset--spacing--20)\" aria-hidden=\"true\" class=\"wp-block-spacer\"><\/div>\n<\/div>\n\n\n\n<p><\/p>\n","protected":false},"excerpt":{"rendered":"<p>Acerca del CBTF #5 Centro de Bachillerato Tecnologico Forestal No. 5<\/p>\n","protected":false},"author":1,"featured_media":0,"parent":0,"menu_order":0,"comment_status":"closed","ping_status":"closed","template":"","meta":{"footnotes":""},"class_list":["post-46","page","type-page","status-publish","hentry"],"yoast_head":"<!-- This site is optimized with the Yoast SEO plugin v25.6 - https:\/\/yoast.com\/wordpress\/plugins\/seo\/ -->\n<title>\u00bfQuienes somos? - CBTF No.5<\/title>\n<meta name=\"robots\" content=\"index, follow, max-snippet:-1, max-image-preview:large, max-video-preview:-1\" \/>\n<link rel=\"canonical\" href=\"https:\/\/cbtf5.mx\/index.php\/nosotros\/\" \/>\n<meta property=\"og:locale\" content=\"es_MX\" \/>\n<meta property=\"og:type\" content=\"article\" \/>\n<meta property=\"og:title\" content=\"\u00bfQuienes somos? - CBTF No.5\" \/>\n<meta property=\"og:description\" content=\"Acerca del CBTF #5 Centro de Bachillerato Tecnologico Forestal No. 5\" \/>\n<meta property=\"og:url\" content=\"https:\/\/cbtf5.mx\/index.php\/nosotros\/\" \/>\n<meta property=\"og:site_name\" content=\"CBTF No.5\" \/>\n<meta property=\"article:modified_time\" content=\"2025-09-26T12:23:29+00:00\" \/>\n<meta property=\"og:image\" content=\"https:\/\/cbtf5.mx\/wp-content\/uploads\/2025\/09\/misionyvision.png\" \/>\n\t<meta property=\"og:image:width\" content=\"400\" \/>\n\t<meta property=\"og:image:height\" content=\"400\" \/>\n\t<meta property=\"og:image:type\" content=\"image\/png\" \/>\n<meta name=\"twitter:card\" content=\"summary_large_image\" \/>\n<meta name=\"twitter:label1\" content=\"Tiempo de lectura\" \/>\n\t<meta name=\"twitter:data1\" content=\"2 minutos\" \/>\n<script type=\"application\/ld+json\" class=\"yoast-schema-graph\">{\"@context\":\"https:\/\/schema.org\",\"@graph\":[{\"@type\":\"WebPage\",\"@id\":\"https:\/\/cbtf5.mx\/index.php\/nosotros\/\",\"url\":\"https:\/\/cbtf5.mx\/index.php\/nosotros\/\",\"name\":\"\u00bfQuienes somos? - CBTF No.5\",\"isPartOf\":{\"@id\":\"https:\/\/cbtf5.mx\/#website\"},\"primaryImageOfPage\":{\"@id\":\"https:\/\/cbtf5.mx\/index.php\/nosotros\/#primaryimage\"},\"image\":{\"@id\":\"https:\/\/cbtf5.mx\/index.php\/nosotros\/#primaryimage\"},\"thumbnailUrl\":\"https:\/\/cbtf5.mx\/wp-content\/uploads\/2025\/09\/misionyvision.png\",\"datePublished\":\"2025-08-11T18:03:02+00:00\",\"dateModified\":\"2025-09-26T12:23:29+00:00\",\"breadcrumb\":{\"@id\":\"https:\/\/cbtf5.mx\/index.php\/nosotros\/#breadcrumb\"},\"inLanguage\":\"es\",\"potentialAction\":[{\"@type\":\"ReadAction\",\"target\":[\"https:\/\/cbtf5.mx\/index.php\/nosotros\/\"]}]},{\"@type\":\"ImageObject\",\"inLanguage\":\"es\",\"@id\":\"https:\/\/cbtf5.mx\/index.php\/nosotros\/#primaryimage\",\"url\":\"https:\/\/cbtf5.mx\/wp-content\/uploads\/2025\/09\/misionyvision.png\",\"contentUrl\":\"https:\/\/cbtf5.mx\/wp-content\/uploads\/2025\/09\/misionyvision.png\",\"width\":400,\"height\":400},{\"@type\":\"BreadcrumbList\",\"@id\":\"https:\/\/cbtf5.mx\/index.php\/nosotros\/#breadcrumb\",\"itemListElement\":[{\"@type\":\"ListItem\",\"position\":1,\"name\":\"Inicio\",\"item\":\"https:\/\/cbtf5.mx\/\"},{\"@type\":\"ListItem\",\"position\":2,\"name\":\"\u00bfQuienes somos?\"}]},{\"@type\":\"WebSite\",\"@id\":\"https:\/\/cbtf5.mx\/#website\",\"url\":\"https:\/\/cbtf5.mx\/\",\"name\":\"CBTF No.5\",\"description\":\"Centro de Bachillerato Tecnol\u00f3gico Forestal No. 5\",\"publisher\":{\"@id\":\"https:\/\/cbtf5.mx\/#organization\"},\"potentialAction\":[{\"@type\":\"SearchAction\",\"target\":{\"@type\":\"EntryPoint\",\"urlTemplate\":\"https:\/\/cbtf5.mx\/?s={search_term_string}\"},\"query-input\":{\"@type\":\"PropertyValueSpecification\",\"valueRequired\":true,\"valueName\":\"search_term_string\"}}],\"inLanguage\":\"es\"},{\"@type\":\"Organization\",\"@id\":\"https:\/\/cbtf5.mx\/#organization\",\"name\":\"CBTF No.5\",\"url\":\"https:\/\/cbtf5.mx\/\",\"logo\":{\"@type\":\"ImageObject\",\"inLanguage\":\"es\",\"@id\":\"https:\/\/cbtf5.mx\/#\/schema\/logo\/image\/\",\"url\":\"https:\/\/cbtf5.mx\/wp-content\/uploads\/2025\/08\/logo-transparente.png\",\"contentUrl\":\"https:\/\/cbtf5.mx\/wp-content\/uploads\/2025\/08\/logo-transparente.png\",\"width\":437,\"height\":436,\"caption\":\"CBTF No.5\"},\"image\":{\"@id\":\"https:\/\/cbtf5.mx\/#\/schema\/logo\/image\/\"}}]}<\/script>\n<!-- \/ Yoast SEO plugin. -->","yoast_head_json":{"title":"\u00bfQuienes somos? - CBTF No.5","robots":{"index":"index","follow":"follow","max-snippet":"max-snippet:-1","max-image-preview":"max-image-preview:large","max-video-preview":"max-video-preview:-1"},"canonical":"https:\/\/cbtf5.mx\/index.php\/nosotros\/","og_locale":"es_MX","og_type":"article","og_title":"\u00bfQuienes somos? - CBTF No.5","og_description":"Acerca del CBTF #5 Centro de Bachillerato Tecnologico Forestal No. 5","og_url":"https:\/\/cbtf5.mx\/index.php\/nosotros\/","og_site_name":"CBTF No.5","article_modified_time":"2025-09-26T12:23:29+00:00","og_image":[{"width":400,"height":400,"url":"https:\/\/cbtf5.mx\/wp-content\/uploads\/2025\/09\/misionyvision.png","type":"image\/png"}],"twitter_card":"summary_large_image","twitter_misc":{"Tiempo de lectura":"2 minutos"},"schema":{"@context":"https:\/\/schema.org","@graph":[{"@type":"WebPage","@id":"https:\/\/cbtf5.mx\/index.php\/nosotros\/","url":"https:\/\/cbtf5.mx\/index.php\/nosotros\/","name":"\u00bfQuienes somos? - CBTF No.5","isPartOf":{"@id":"https:\/\/cbtf5.mx\/#website"},"primaryImageOfPage":{"@id":"https:\/\/cbtf5.mx\/index.php\/nosotros\/#primaryimage"},"image":{"@id":"https:\/\/cbtf5.mx\/index.php\/nosotros\/#primaryimage"},"thumbnailUrl":"https:\/\/cbtf5.mx\/wp-content\/uploads\/2025\/09\/misionyvision.png","datePublished":"2025-08-11T18:03:02+00:00","dateModified":"2025-09-26T12:23:29+00:00","breadcrumb":{"@id":"https:\/\/cbtf5.mx\/index.php\/nosotros\/#breadcrumb"},"inLanguage":"es","potentialAction":[{"@type":"ReadAction","target":["https:\/\/cbtf5.mx\/index.php\/nosotros\/"]}]},{"@type":"ImageObject","inLanguage":"es","@id":"https:\/\/cbtf5.mx\/index.php\/nosotros\/#primaryimage","url":"https:\/\/cbtf5.mx\/wp-content\/uploads\/2025\/09\/misionyvision.png","contentUrl":"https:\/\/cbtf5.mx\/wp-content\/uploads\/2025\/09\/misionyvision.png","width":400,"height":400},{"@type":"BreadcrumbList","@id":"https:\/\/cbtf5.mx\/index.php\/nosotros\/#breadcrumb","itemListElement":[{"@type":"ListItem","position":1,"name":"Inicio","item":"https:\/\/cbtf5.mx\/"},{"@type":"ListItem","position":2,"name":"\u00bfQuienes somos?"}]},{"@type":"WebSite","@id":"https:\/\/cbtf5.mx\/#website","url":"https:\/\/cbtf5.mx\/","name":"CBTF No.5","description":"Centro de Bachillerato Tecnol\u00f3gico Forestal No. 5","publisher":{"@id":"https:\/\/cbtf5.mx\/#organization"},"potentialAction":[{"@type":"SearchAction","target":{"@type":"EntryPoint","urlTemplate":"https:\/\/cbtf5.mx\/?s={search_term_string}"},"query-input":{"@type":"PropertyValueSpecification","valueRequired":true,"valueName":"search_term_string"}}],"inLanguage":"es"},{"@type":"Organization","@id":"https:\/\/cbtf5.mx\/#organization","name":"CBTF No.5","url":"https:\/\/cbtf5.mx\/","logo":{"@type":"ImageObject","inLanguage":"es","@id":"https:\/\/cbtf5.mx\/#\/schema\/logo\/image\/","url":"https:\/\/cbtf5.mx\/wp-content\/uploads\/2025\/08\/logo-transparente.png","contentUrl":"https:\/\/cbtf5.mx\/wp-content\/uploads\/2025\/08\/logo-transparente.png","width":437,"height":436,"caption":"CBTF No.5"},"image":{"@id":"https:\/\/cbtf5.mx\/#\/schema\/logo\/image\/"}}]}},"jetpack_sharing_enabled":true,"_links":{"self":[{"href":"https:\/\/cbtf5.mx\/index.php\/wp-json\/wp\/v2\/pages\/46","targetHints":{"allow":["GET"]}}],"collection":[{"href":"https:\/\/cbtf5.mx\/index.php\/wp-json\/wp\/v2\/pages"}],"about":[{"href":"https:\/\/cbtf5.mx\/index.php\/wp-json\/wp\/v2\/types\/page"}],"author":[{"embeddable":true,"href":"https:\/\/cbtf5.mx\/index.php\/wp-json\/wp\/v2\/users\/1"}],"replies":[{"embeddable":true,"href":"https:\/\/cbtf5.mx\/index.php\/wp-json\/wp\/v2\/comments?post=46"}],"version-history":[{"count":11,"href":"https:\/\/cbtf5.mx\/index.php\/wp-json\/wp\/v2\/pages\/46\/revisions"}],"predecessor-version":[{"id":109,"href":"https:\/\/cbtf5.mx\/index.php\/wp-json\/wp\/v2\/pages\/46\/revisions\/109"}],"wp:attachment":[{"href":"https:\/\/cbtf5.mx\/index.php\/wp-json\/wp\/v2\/media?parent=46"}],"curies":[{"name":"wp","href":"https:\/\/api.w.org\/{rel}","templated":true}]}}